 divided by 39.
13
What is the remainder when 47677 is divided by 15890?
7
Calculate the remainder when 201435 is divided by 7194.
3
Calculate the remainder when 76434 is divided by 394.
392
What is the remainder when 432874 is divided by 16649?
0
What is the remainder when 81193 is divided by 483?
49
What is the remainder when 703 is divided by 159?
67
What is the remainder when 258587 is divided by 86?
71
Calculate the remainder when 13386 is divided by 28.
2
Calculate the remainder when 1659267 is divided by 459.
441
What is the remainder when 21767 is divided by 90?
77
Calculate the remainder when 26903 is divided by 560.
23
What is the remainder when 13960 is divided by 4653?
1
What is the remainder when 552832 is divided by 1051?
6
What is the remainder when 75804 is divided by 29?
27
What is the remainder when 53067 is divided by 314?
1
Calculate the remainder when 3901 is divided by 1950.
1
Calculate the remainder when 5052 is divided by 149.
135
Calculate the remainder when 17088 is divided by 8358.
372
What is the remainder when 3955 is divided by 30?
25
Calculate the remainder when 2076 is divided by 67.
66
What is the remainder when 2258 is divided by 253?
234
Calculate the remainder when 22771 is divided by 18.
1
Calculate the remainder when 2380234 is divided by 12.
10
Calculate the remainder when 65892 is divided by 13.
8
Calculate the remainder when 46397 is divided by 20.
17
Calculate the remainder when 257837 is divided by 22.
19
What is the remainder when 11734 is divided by 838?
2
What is the remainder when 9297 is divided by 10?
7
What is the remainder when 10050 is divided by 7?
5
What is the remainder when 7710 is divided by 36?
6
What is the remainder when 233 is divided by 55?
13
Calculate the remainder when 51173 is divided by 36.
17
What is the remainder when 1053 is divided by 559?
494
What is the remainder when 470458 is divided by 19?
18
What is the remainder when 1167 is divided by 88?
23
What is the remainder when 79721 is divided by 224?
201
What is the remainder when 446204 is divided by 224?
220
What is the remainder when 75 is divided by 26?
23
Calculate the remainder when 150007 is divided by 150004.
3
What is the remainder when 1315 is divided by 392?
139
What is the remainder when 77102 is divided by 300?
2
Calculate the remainder when 2601 is divided by 93.
90
What is the remainder when 24132 is divided by 132?
108
Calculate the remainder when 4052 is divided by 336.
20
Calculate the remainder when 1690289 is divided by 30.
29
Calculate the remainder when 51149 is divided by 165.
164
Calculate the remainder when 3538 is divided by 4.
2
Calculate the remainder when 240257 is divided by 138.
137
What is the remainder when 208503 is divided by 93?
90
What is the remainder when 14019 is divided by 3?
0
What is the remainder when 15816 is divided by 52?
8
What is the remainder when 9552 is divided by 217?
4
What is the remainder when 4298 is divided by 139?
128
What is the remainder when 435845 is divided by 181?
178
What is the remainder when 7993 is divided by 63?
55
Calculate the remainder when 33021 is divided by 273.
261
Calculate the remainder when 650017 is divided by 20.
17
What is the remainder when 18562 is divided by 61?
18
What is the remainder when 6648 is divided by 2202?
42
Calculate the remainder when 117953 is divided by 19.
1
What is the remainder when 33295 is divided by 114?
7
What is the remainder when 7097 is divided by 2356?
29
What is the remainder when 2568 is divided by 791?
195
Calculate the remainder when 3585 is divided by 99.
21
Calculate the remainder when 14223 is divided by 76.
11
Calculate the remainder when 5074 is divided by 572.
498
What is the remainder when 183798 is divided by 58?
54
What is the remainder when 533917 is divided by 57?
55
What is the remainder when 235568 is divided by 117777?
14
What is the remainder when 995719 is divided by 71?
15
What is the remainder when 3234 is divided by 18?
12
Calculate the remainder when 32958 is divided by 103.
101
Calculate the remainder when 565 is divided by 10.
5
What is the remainder when 25001 is divided by 61?
52
Calculate the remainder when 3207 is divided by 710.
367
What is the remainder when 171 is divided by 28?
3
Calculate the remainder when 65343 is divided by 4.
3
Calculate the remainder when 95573 is divided by 102.
101
Calculate the remainder when 1161181 is divided by 53.
4
What is the remainder when 13437 is divided by 313?
291
What is the remainder when 4375 is divided by 102?
91
Calculate the remainder when 114831 is divided by 396.
387
What is the remainder when 4336728 is divided by 63?
60
What is the remainder when 2753 is divided by 163?
145
Calculate the remainder when 6229 is divided by 1771.
916
Calculate the remainder when 213256 is divided by 201.
196
What is the remainder when 4702 is divided by 123?
28
Calculate the remainder when 7028004 is divided by 26.
22
What is the remainder when 7477 is divided by 14?
1
Calculate the remainder when 273874 is divided by 52.
42
Calculate the remainder when 16933 is divided by 88.
37
Calculate the remainder when 727 is divided by 362.
3
What is the remainder when 952 is divided by 424?
104
What is the remainder when 9551 is divided by 368?
351
Calculate the remainder when 84954 is divided by 259.
2
What is the remainder when 17932 is divided by 276?
268
What is the remainder when 25992 is divided by 228?
0
Calculate the remainder when 253435 is divided by 401.
3
Calculate the remainder when 1584 is divided by 364.
128
Calculate the remainder when 251599 is divided by 9.
4
What is the remainder when 891 is divided by 424?
43
What is the remainder when 17988 is divided by 17?
2
Calculate the remainder when 1008 is divided by 474.
60
What is the remainder when 146174 is divided by 140?
14
What is the remainder when 202286 is divided by 14449?
0
What is the remainder when 6695 is divided by 80?
55
Calculate the remainder when 483 is divided by 18.
15
Calculate the remainder when 1837968 is divided by 10.
8
What is the remainder when 2463 is divided by 2454?
9
Calculate the remainder when 2241 is divided by 223.
11
Calculate the remainder when 27771 is divided by 5478.
381
Calculate the remainder when 78598 is divided by 256.
6
What is the remainder when 6100 is divided by 322?
304
What is the remainder when 8369 is divided by 8309?
60
Calculate the remainder when 1648 is divided by 1616.
32
Calculate the remainder when 3018 is divided by 771.
705
What is the remainder when 31881 is divided by 264?
201
Calculate the remainder when 1348303 is divided by 23.
20
What is the remainder when 83887 is divided by 902?
1
Calculate the remainder when 44190 is divided by 374.
58
Calculate the remainder when 1671 is divided by 769.
133
Calculate the remainder when 76687 is divided by 843.
817
What is the remainder when 5740 is divided by 175?
140
What is the remainder when 3722 is divided by 184?
42
What is the remainder when 1242428 is divided by 35?
33
Calculate the remainder when 53429 is divided by 78.
77
Calculate the remainder when 9497 is divided by 317.
304
What is the remainder when 37590 is divided by 47?
37
Calculate the remainder when 12633 is divided by 146.
77
Calculate the remainder when 7552 is divided by 102.
4
What is the remainder when 124396 is divided by 4289?
15
Calculate the remainder when 1214 is divided by 39.
5
What is the remainder when 163380 is divided by 6?
0
Calculate the remainder when 319646 is divided by 8.
6
Calculate the remainder when 1031824 is divided by 1385.
1384
Calculate the remainder when 5713 is divided by 2821.
71
What is the remainder when 6152 is divided by 78?
68
Calculate the remainder when 94482 is divided by 974.
4
What is the remainder when 147360 is divided by 1271?
1195
Calculate the remainder when 92072 is divided by 38.
36
What is the remainder when 12270 is divided by 260?
50
What is the remainder when 11880 is divided by 398?
338
What is the remainder when 2593 is divided by 818?
139
Calculate the remainder when 4421 is divided by 1030.
301
Calculate the remainder when 566523 is divided by 56.
27
Calculate the remainder when 417130 is divided by 82.
78
Calculate the remainder when 2401444 is divided by 427.
423
